hen 379 is divided by 22?
5
Calculate the remainder when 1941 is divided by 160.
21
What is the remainder when 347 is divided by 88?
83
Calculate the remainder when 427 is divided by 86.
83
Calculate the remainder when 1461 is divided by 291.
6
What is the remainder when 2229 is divided by 9?
6
What is the remainder when 133 is divided by 23?
18
Calculate the remainder when 21 is divided by 11.
10
Calculate the remainder when 37 is divided by 9.
1
What is the remainder when 7 is divided by 5?
2
What is the remainder when 24 is divided by 1?
0
Calculate the remainder when 18199 is divided by 55.
49
What is the remainder when 87 is divided by 80?
7
What is the remainder when 91 is divided by 60?
31
Calculate the remainder when 48 is divided by 23.
2
What is the remainder when 164 is divided by 49?
17
What is the remainder when 10 is divided by 5?
0
What is the remainder when 324 is divided by 22?
16
Calculate the remainder when 2127 is divided by 16.
15
Calculate the remainder when 100 is divided by 56.
44
What is the remainder when 643 is divided by 46?
45
Calculate the remainder when 98 is divided by 19.
3
What is the remainder when 109 is divided by 10?
9
Calculate the remainder when 1920 is divided by 273.
9
Calculate the remainder when 63 is divided by 26.
11
Calculate the remainder when 385 is divided by 13.
8
What is the remainder when 718 is divided by 12?
10
What is the remainder when 479 is divided by 13?
11
What is the remainder when 23 is divided by 5?
3
What is the remainder when 31 is divided by 19?
12
Calculate the remainder when 247 is divided by 22.
5
Calculate the remainder when 25 is divided by 14.
11
Calculate the remainder when 559 is divided by 181.
16
What is the remainder when 55 is divided by 33?
22
What is the remainder when 14304 is divided by 251?
248
What is the remainder when 32978 is divided by 340?
338
What is the remainder when 83 is divided by 14?
13
Calculate the remainder when 39 is divided by 4.
3
What is the remainder when 636 is divided by 29?
27
Calculate the remainder when 6897 is divided by 75.
72
What is the remainder when 287 is divided by 17?
15
Calculate the remainder when 244 is divided by 62.
58
What is the remainder when 18538 is divided by 45?
43
What is the remainder when 459 is divided by 46?
45
Calculate the remainder when 1024 is divided by 38.
36
What is the remainder when 849 is divided by 29?
8
Calculate the remainder when 213 is divided by 87.
39
Calculate the remainder when 76 is divided by 16.
12
Calculate the remainder when 3417 is divided by 32.
25
Calculate the remainder when 258 is divided by 26.
24
What is the remainder when 77 is divided by 23?
8
What is the remainder when 1133 is divided by 375?
8
What is the remainder when 228 is divided by 59?
51
What is the remainder when 340 is divided by 13?
2
What is the remainder when 153 is divided by 73?
7
What is the remainder when 595 is divided by 562?
33
What is the remainder when 373 is divided by 121?
10
What is the remainder when 653 is divided by 172?
137
Calculate the remainder when 528 is divided by 87.
6
Calculate the remainder when 6836 is divided by 40.
36
What is the remainder when 48 is divided by 37?
11
What is the remainder when 1226 is divided by 41?
37
Calculate the remainder when 154 is divided by 28.
14
Calculate the remainder when 9942 is divided by 195.
192
What is the remainder when 9503 is divided by 32?
31
What is the remainder when 89 is divided by 15?
14
What is the remainder when 3879 is divided by 3874?
5
Calculate the remainder when 8874 is divided by 46.
42
What is the remainder when 58 is divided by 4?
2
Calculate the remainder when 658 is divided by 51.
46
What is the remainder when 18083 is divided by 44?
43
Calculate the remainder when 266 is divided by 42.
14
What is the remainder when 141 is divided by 6?
3
What is the remainder when 549 is divided by 22?
21
Calculate the remainder when 103 is divided by 45.
13
What is the remainder when 2145 is divided by 37?
36
Calculate the remainder when 2885 is divided by 160.
5
What is the remainder when 267 is divided by 22?
3
Calculate the remainder when 6611 is divided by 1321.
6
What is the remainder when 679 is divided by 62?
59
Calculate the remainder when 765 is divided by 180.
45
Calculate the remainder when 124 is divided by 2.
0
What is the remainder when 238 is divided by 57?
10
Calculate the remainder when 46537 is divided by 358.
355
Calculate the remainder when 1205 is divided by 31.
27
What is the remainder when 449 is divided by 13?
7
What is the remainder when 568 is divided by 122?
80
What is the remainder when 321 is divided by 25?
21
Calculate the remainder when 569 is divided by 284.
1
What is the remainder when 306 is divided by 4?
2
Calculate the remainder when 282 is divided by 12.
6
Calculate the remainder when 182 is divided by 6.
2
What is the remainder when 1164 is divided by 383?
15
Calculate the remainder when 3368 is divided by 135.
128
Calculate the remainder when 498 is divided by 63.
57
What is the remainder when 48138 is divided by 29?
27
Calculate the remainder when 209 is divided by 198.
11
Calculate the remainder when 113 is divided by 54.
5
What is the remainder when 523 is divided by 7?
5
Calculate the remainder when 459 is divided by 235.
224
What is the remainder when 2514 is divided by 68?
66
What is the remainder when 1677 is divided by 112?
109
Calculate the remainder when 87 is divided by 25.
12
Calculate the remainder when 146 is divided by 121.
25
Calculate the remainder when 2322 is divided by 193.
6
What is the remainder when 25 is divided by 17?
8
Calculate the remainder when 122 is divided by 38.
8
Calculate the remainder when 249 is divided by 25.
24
Calculate the remainder when 403 is divided by 68.
63
Calculate the remainder when 218 is divided by 73.
72
What is the remainder when 381 is divided by 197?
184
Calculate the remainder when 64 is divided by 21.
1
Calculate the remainder when 10894 is divided by 25.
19
Calculate the remainder when 60 is divided by 10.
0
What is the remainder when 1729 is divided by 57?
19
What is the remainder when 289 is divided by 116?
57
What is the remainder when 876 is divided by 220?
216
What is the remainder when 372 is divided by 133?
106
Calculate the remainder when 7033 is divided by 35.
33
What is the remainder when 45 is divided by 8?
5
Calculate the remainder when 1046 is divided by 50.
46
Calculate the remainder when 508 is divided by 32.
28
What is the remainder when 427 is divided by 95?
47
Calculate the remainder when 1368 is divided by 171.
0
What is the remainder when 97 is divided by 10?
7
What is the remainder when 8786 is divided by 58?
28
What is the remainder when 120 is divided by 105?
15
Calculate the remainder when 1493 is divided by 8.
5
What is the remainder when 217 is divided by 22?
19
What is the remainder when 1841 is divided by 365?
16
Calculate the remainder when 54 is divided by 50.
4
Calculate the remainder when 16 is divided by 7.
2
What is the remainder when 82 is divided by 38?
6
What is the remainder when 10 is divided by 8?
2
Calculate the remainder when 807 is divided by 133.
9
Calculate the remainder when 356 is divided by 115.
11
What is the remainder when 109 is divided by 35?
4
What is the remainder when 1233 is divided by 137?
0
Calculate the remainder when 58 is divided by 6.
4
What is the remainder when 903 is divided by 10?
3
Calculate the remainder when 332 is divided by 16.
12
What is the remainder when 55 is divided by 5?
0
Calculate the remainder when 166 is divided by 13.
10
What is the remainder when 158 is divided by 41?
35
What is the remainder when 461 is divided by 39?
32
Calculate the remainder when 205 is divided by 32.
13
Calculate the remainder when 113 is divided by 15.
8
Calculate the remainder when 72 is divided by 18.
0
Calculate the remainder when 123 is divided by 22.
13
What is the remainder when 1175 is divided by 129?
14
Calculate the remainder when 670 is divided by 213.
31
What is the remainder when 254 is divided by 65?
59
Calculate the remainder when 609 is divided by 165.
114
What is the remainder when 54 is divided by 47?
7
What is the remainder when 355 is divided by 109?
28
Calculate the remain